{"id":516,"date":"2023-08-01T21:14:01","date_gmt":"2023-08-01T19:14:01","guid":{"rendered":"https:\/\/www.kulturosvirene.lt\/?post_type=renginiai-galerija&#038;p=516"},"modified":"2023-08-04T11:11:17","modified_gmt":"2023-08-04T09:11:17","slug":"triju-parodu-kulturos-vireneje-atidarymo-momentai","status":"publish","type":"renginiai-galerija","link":"https:\/\/www.kulturosvirene.lt\/en\/renginiai-galerija\/triju-parodu-kulturos-vireneje-atidarymo-momentai\/","title":{"rendered":"Trij\u0173 parod\u0173 &#8220;Kult\u016bros Viren\u0117je&#8221; atidarymo momentai"},"content":{"rendered":"\n<p>Sofijos festivalio metu &#8220;Kult\u016bros Viren\u0117je&#8221; atidarytos trij\u0173 \u017eymi\u0173 meninink\u0173  &#8211; tapytojo Zdenek Danek (\u010cekija), meninink\u0117s scenograf\u0117s Renatos Val\u010dik (Lietuva) ir Tomoo Nagai (Japonija) parodos antropoceno tema. Parodos veiks iki rudens, tad dar galite susp\u0117ti jas ap\u017ei\u016br\u0117ti. <\/p>\n\n\n\n<p>Parod\u0173 organizatoriai: Kuli\u0173 kra\u0161to bendruomen\u0117s &#8220;Alantas&#8221; vykdomo projekto &#8220;Atvira bendruomen\u0117s k\u016brybos erdv\u0117 Kuliuose&#8221; partneriai V\u0160\u012e &#8220;Kintai Arts Residency&#8221; ir V\u0160\u012e &#8220;Domus alba&#8221;. <\/p>\n\n\n\n<p>Projekto &#8220;Atvira bendruomen\u0117s k\u016brybos erdv\u0117 Kuliuose&#8221; \u012fgyvendinim\u0105, pagal program\u0105 \u201eKult\u016bra\u201c finansuoja Europos ekonomin\u0117s erdv\u0117s (EEE) ir Norvegijos finansiniai mechanizmai.<\/p>\n","protected":false},"excerpt":{"rendered":"<p>Sofijos festivalio metu &#8220;Kult\u016bros Viren\u0117je&#8221; atidarytos trij\u0173 \u017eymi\u0173 meninink\u0173 &#8211; tapytojo Zdenek Danek (\u010cekija), meninink\u0117s scenograf\u0117s Renatos Val\u010dik (Lietuva) ir Tomoo Nagai (Japonija) parodos antropoceno tema. Parodos veiks iki rudens,&#8230;<\/p>\n","protected":false},"featured_media":526,"template":"","meta":{"footnotes":""},"renginiai-kategorija":[26],"class_list":["post-516","renginiai-galerija","type-renginiai-galerija","status-publish","has-post-thumbnail","hentry","renginiai-kategorija-parodos"],"translation":{"provider":"WPGlobus","version":"3.0.2","language":"en","enabled_languages":["lt","en"],"languages":{"lt":{"title":true,"content":true,"excerpt":false},"en":{"title":false,"content":false,"excerpt":false}}},"_links":{"self":[{"href":"https:\/\/www.kulturosvirene.lt\/en\/wp-json\/wp\/v2\/renginiai-galerija\/516","targetHints":{"allow":["GET"]}}],"collection":[{"href":"https:\/\/www.kulturosvirene.lt\/en\/wp-json\/wp\/v2\/renginiai-galerija"}],"about":[{"href":"https:\/\/www.kulturosvirene.lt\/en\/wp-json\/wp\/v2\/types\/renginiai-galerija"}],"version-history":[{"count":2,"href":"https:\/\/www.kulturosvirene.lt\/en\/wp-json\/wp\/v2\/renginiai-galerija\/516\/revisions"}],"predecessor-version":[{"id":559,"href":"https:\/\/www.kulturosvirene.lt\/en\/wp-json\/wp\/v2\/renginiai-galerija\/516\/revisions\/559"}],"wp:featuredmedia":[{"embeddable":true,"href":"https:\/\/www.kulturosvirene.lt\/en\/wp-json\/wp\/v2\/media\/526"}],"wp:attachment":[{"href":"https:\/\/www.kulturosvirene.lt\/en\/wp-json\/wp\/v2\/media?parent=516"}],"wp:term":[{"taxonomy":"renginiai-kategorija","embeddable":true,"href":"https:\/\/www.kulturosvirene.lt\/en\/wp-json\/wp\/v2\/renginiai-kategorija?post=516"}],"curies":[{"name":"wp","href":"https:\/\/api.w.org\/{rel}","templated":true}]}}

Trijų parodų &#8220;Kultūros Virenėje&#8221; atidarymo momentai

<p>Sofijos festivalio metu &#8220;Kultūros Virenėje&#8221; atidarytos trijų žymių menininkų  &#8211; tapytojo Zdenek Danek (Čekija), menininkės scenografės Renatos Valčik (Lietuva) ir Tomoo Nagai (Japonija) parodos antropoceno tema. Parodos veiks iki rudens, tad dar galite suspėti jas apžiūrėti. </p>



<p>Parodų organizatoriai: Kulių krašto bendruomenės &#8220;Alantas&#8221; vykdomo projekto &#8220;Atvira bendruomenės kūrybos erdvė Kuliuose&#8221; partneriai VŠĮ &#8220;Kintai Arts Residency&#8221; ir VŠĮ &#8220;Domus alba&#8221;. </p>



<p>Projekto &#8220;Atvira bendruomenės kūrybos erdvė Kuliuose&#8221; įgyvendinimą, pagal programą „Kultūra“ finansuoja Europos ekonominės erdvės (EEE) ir Norvegijos finansiniai mechanizmai.</p>

<p>Sofijos festivalio metu &#8220;Kultūros Virenėje&#8221; atidarytos trijų žymių menininkų &#8211; tapytojo Zdenek Danek (Čekija), menininkės scenografės Renatos Valčik (Lietuva) ir Tomoo Nagai (Japonija) parodos antropoceno tema. Parodos veiks iki rudens,&#8230;</p>
