{"id":785,"date":"2024-05-31T08:38:05","date_gmt":"2024-05-31T06:38:05","guid":{"rendered":"https:\/\/www.kulturosvirene.lt\/?post_type=renginiai-galerija&#038;p=785"},"modified":"2024-05-31T08:41:34","modified_gmt":"2024-05-31T06:41:34","slug":"pasiektas-projekto-atvira-bendruomenes-kurybos-erdve-kuliuose-finisas","status":"publish","type":"renginiai-galerija","link":"https:\/\/www.kulturosvirene.lt\/en\/renginiai-galerija\/pasiektas-projekto-atvira-bendruomenes-kurybos-erdve-kuliuose-finisas\/","title":{"rendered":"Pasiektas projekto &#8220;Atvira bendruomen\u0117s k\u016brybos erdv\u0117 Kuliuose&#8221; fini\u0161as"},"content":{"rendered":"\n<p>Pagaliau fini\u0161as. Kovo 22 d. pasibaig\u0117 30 m\u0117nesi\u0173 vykdytas Kuli\u0173 kra\u0161to bendruomen\u0117s &#8220;Alantas&#8221; projektas &#8220;Atvira bendruomen\u0117s k\u016brybos erdv\u0117 Kuliuose&#8221;. Tad neatsitiktinai b\u016btent kovo 22-osios vakar\u0105 kuli\u0161kiai pakviesti \u012f galutini\u0173 projekto rezultat\u0173 pristatym\u0105 Kuli\u0173 kult\u016bros centre.<\/p>\n\n\n\n<p>Pasiekti projekto rezultatai:<\/p>\n\n\n\n<p><img loading=\"lazy\" decoding=\"async\" height=\"16\" width=\"16\" alt=\"\u2705\" src=\"https:\/\/static.xx.fbcdn.net\/images\/emoji.php\/v9\/t33\/1\/16\/2705.png\">Sukurta rinkodaros komunikacijos strategija &#8211; &#8220;Kult\u016bros viren\u0117s&#8221; prekinis \u017eenklas ir vizualinis indentitetas;<\/p>\n\n\n\n<p><img loading=\"lazy\" decoding=\"async\" height=\"16\" width=\"16\" alt=\"\u2705\" src=\"https:\/\/static.xx.fbcdn.net\/images\/emoji.php\/v9\/t33\/1\/16\/2705.png\">Vyko bendruomen\u0117s verslumo mokymai: net 10 k\u016brybinio <a><\/a>verslumo mokymo sesij\u0173 ir 4 verslumo renginiai;<\/p>\n\n\n\n<p><img loading=\"lazy\" decoding=\"async\" height=\"16\" width=\"16\" alt=\"\u2705\" src=\"https:\/\/static.xx.fbcdn.net\/images\/emoji.php\/v9\/t33\/1\/16\/2705.png\">Sukurti meno produktai: projekto partneriai suk\u016br\u0117 12 spektakli\u0173 , kurie Kuliuose ir regione parodyti ma\u017eiausiai 35 kartus, pristatytos 2 parodos antropoceno tema. Kuli\u0161kiai pirmieji i\u0161vydo ir muzikin\u0117s misterijos-koncerto \u201ePeras Giuntas susitinka \u010ciurlion\u012f\u201c premjer\u0105;<\/p>\n\n\n\n<p><img loading=\"lazy\" decoding=\"async\" height=\"16\" width=\"16\" alt=\"\u2705\" src=\"https:\/\/static.xx.fbcdn.net\/images\/emoji.php\/v9\/t33\/1\/16\/2705.png\">Sukurtos &#8220;Kult\u016bros viren\u0117s&#8221; edukacin\u0117s paslaugos: istoriniai turai po Kulius, turas \u012f Reiski\u0173 tyro pelk\u0119, teatralizuotas jomarkas, kuriamos vaik\u0173 ir jaunimo neformalaus kult\u016brinio ugdymo paslaugos;<\/p>\n\n\n\n<p><img loading=\"lazy\" decoding=\"async\" height=\"16\" width=\"16\" src=\"https:\/\/static.xx.fbcdn.net\/images\/emoji.php\/v9\/t33\/1\/16\/2705.png\" alt=\"\u2705\">Ir galiausiai &#8211; suremontuotas ir \u012fveiklintas kult\u016brinio paveldo pastatas, pakei\u010diant paskirt\u012f i\u0161 maitinimo \u012f kult\u016bros. <\/p>\n\n\n\n<p>Projektas \u012fgyvendintas pasitelkiant Europos ekonomin\u0117s erdv\u0117s finansini\u0173 mechanizm\u0173 programos \u201eKult\u016bra\u201c l\u0117\u0161as. Faktin\u0117s projekto i\u0161laidos &#8211; 1080,8 t\u016bkst. eur\u0173 ( i\u0161 j\u0173 pastato rangos darb\u0173 kaina &#8211; 528,07 eur\u0173, kult\u016brini\u0173 paslaug\u0173 i\u0161laidos &#8211; 552,7 t\u016bkst.eur\u0173).<\/p>\n\n\n\n<p>D\u0117kojame \u0161io projekto partneriams, o j\u0173 tur\u0117jome tikrai daug &#8211; net 11, u\u017e bendras projekto veiklas, finansin\u012f projekto prisid\u0117jim\u0105 ir palaikym\u0105.<\/p>\n","protected":false},"excerpt":{"rendered":"<p>Pagaliau fini\u0161as. Kovo 22 d. pasibaig\u0117 30 m\u0117nesi\u0173 vykdytas Kuli\u0173 kra\u0161to bendruomen\u0117s &#8220;Alantas&#8221; projektas &#8220;Atvira bendruomen\u0117s k\u016brybos erdv\u0117 Kuliuose&#8221;. Tad neatsitiktinai b\u016btent kovo 22-osios vakar\u0105 kuli\u0161kiai pakviesti \u012f galutini\u0173 projekto&#8230;<\/p>\n","protected":false},"featured_media":639,"template":"","meta":{"footnotes":""},"renginiai-kategorija":[],"class_list":["post-785","renginiai-galerija","type-renginiai-galerija","status-publish","has-post-thumbnail","hentry"],"translation":{"provider":"WPGlobus","version":"3.0.2","language":"en","enabled_languages":["lt","en"],"languages":{"lt":{"title":true,"content":true,"excerpt":false},"en":{"title":false,"content":false,"excerpt":false}}},"_links":{"self":[{"href":"https:\/\/www.kulturosvirene.lt\/en\/wp-json\/wp\/v2\/renginiai-galerija\/785","targetHints":{"allow":["GET"]}}],"collection":[{"href":"https:\/\/www.kulturosvirene.lt\/en\/wp-json\/wp\/v2\/renginiai-galerija"}],"about":[{"href":"https:\/\/www.kulturosvirene.lt\/en\/wp-json\/wp\/v2\/types\/renginiai-galerija"}],"version-history":[{"count":1,"href":"https:\/\/www.kulturosvirene.lt\/en\/wp-json\/wp\/v2\/renginiai-galerija\/785\/revisions"}],"predecessor-version":[{"id":794,"href":"https:\/\/www.kulturosvirene.lt\/en\/wp-json\/wp\/v2\/renginiai-galerija\/785\/revisions\/794"}],"wp:featuredmedia":[{"embeddable":true,"href":"https:\/\/www.kulturosvirene.lt\/en\/wp-json\/wp\/v2\/media\/639"}],"wp:attachment":[{"href":"https:\/\/www.kulturosvirene.lt\/en\/wp-json\/wp\/v2\/media?parent=785"}],"wp:term":[{"taxonomy":"renginiai-kategorija","embeddable":true,"href":"https:\/\/www.kulturosvirene.lt\/en\/wp-json\/wp\/v2\/renginiai-kategorija?post=785"}],"curies":[{"name":"wp","href":"https:\/\/api.w.org\/{rel}","templated":true}]}}

Pasiektas projekto &#8220;Atvira bendruomenės kūrybos erdvė Kuliuose&#8221; finišas

<p>Pagaliau finišas. Kovo 22 d. pasibaigė 30 mėnesių vykdytas Kulių krašto bendruomenės &#8220;Alantas&#8221; projektas &#8220;Atvira bendruomenės kūrybos erdvė Kuliuose&#8221;. Tad neatsitiktinai būtent kovo 22-osios vakarą kuliškiai pakviesti į galutinių projekto rezultatų pristatymą Kulių kultūros centre.</p>



<p>Pasiekti projekto rezultatai:</p>



<p><img loading="lazy" decoding="async" height="16" width="16" alt="✅" src="https://static.xx.fbcdn.net/images/emoji.php/v9/t33/1/16/2705.png">Sukurta rinkodaros komunikacijos strategija &#8211; &#8220;Kultūros virenės&#8221; prekinis ženklas ir vizualinis indentitetas;</p>



<p><img loading="lazy" decoding="async" height="16" width="16" alt="✅" src="https://static.xx.fbcdn.net/images/emoji.php/v9/t33/1/16/2705.png">Vyko bendruomenės verslumo mokymai: net 10 kūrybinio <a></a>verslumo mokymo sesijų ir 4 verslumo renginiai;</p>



<p><img loading="lazy" decoding="async" height="16" width="16" alt="✅" src="https://static.xx.fbcdn.net/images/emoji.php/v9/t33/1/16/2705.png">Sukurti meno produktai: projekto partneriai sukūrė 12 spektaklių , kurie Kuliuose ir regione parodyti mažiausiai 35 kartus, pristatytos 2 parodos antropoceno tema. Kuliškiai pirmieji išvydo ir muzikinės misterijos-koncerto „Peras Giuntas susitinka Čiurlionį“ premjerą;</p>



<p><img loading="lazy" decoding="async" height="16" width="16" alt="✅" src="https://static.xx.fbcdn.net/images/emoji.php/v9/t33/1/16/2705.png">Sukurtos &#8220;Kultūros virenės&#8221; edukacinės paslaugos: istoriniai turai po Kulius, turas į Reiskių tyro pelkę, teatralizuotas jomarkas, kuriamos vaikų ir jaunimo neformalaus kultūrinio ugdymo paslaugos;</p>



<p><img loading="lazy" decoding="async" height="16" width="16" src="https://static.xx.fbcdn.net/images/emoji.php/v9/t33/1/16/2705.png" alt="✅">Ir galiausiai &#8211; suremontuotas ir įveiklintas kultūrinio paveldo pastatas, pakeičiant paskirtį iš maitinimo į kultūros. </p>



<p>Projektas įgyvendintas pasitelkiant Europos ekonominės erdvės finansinių mechanizmų programos „Kultūra“ lėšas. Faktinės projekto išlaidos &#8211; 1080,8 tūkst. eurų ( iš jų pastato rangos darbų kaina &#8211; 528,07 eurų, kultūrinių paslaugų išlaidos &#8211; 552,7 tūkst.eurų).</p>



<p>Dėkojame šio projekto partneriams, o jų turėjome tikrai daug &#8211; net 11, už bendras projekto veiklas, finansinį projekto prisidėjimą ir palaikymą.</p>

<p>Pagaliau finišas. Kovo 22 d. pasibaigė 30 mėnesių vykdytas Kulių krašto bendruomenės &#8220;Alantas&#8221; projektas &#8220;Atvira bendruomenės kūrybos erdvė Kuliuose&#8221;. Tad neatsitiktinai būtent kovo 22-osios vakarą kuliškiai pakviesti į galutinių projekto&#8230;</p>
