{"id":388,"date":"2023-07-25T13:23:39","date_gmt":"2023-07-25T11:23:39","guid":{"rendered":"https:\/\/www.kulturosvirene.lt\/?post_type=renginiai&#038;p=388"},"modified":"2023-08-02T10:35:48","modified_gmt":"2023-08-02T08:35:48","slug":"patirciu-turas-i-reiskiu-tyro-pelke","status":"publish","type":"renginiai","link":"https:\/\/www.kulturosvirene.lt\/en\/renginiai\/patirciu-turas-i-reiskiu-tyro-pelke\/","title":{"rendered":"Patir\u010di\u0173 turas \u012f Reiski\u0173 tyro pelk\u0119"},"content":{"rendered":"\n<p>Kvie\u010diame \u012f unikal\u0173 patir\u010di\u0173 tur\u0105 \u012f prie Kuli\u0173 miestelio esan\u010di\u0105 Reiski\u0173 tyro pelk\u0119, kuri yra did\u017eiausias \u017demaitijoje pelkinis kompleksas, u\u017eimantis apie 800 ha. Tad J\u016bs\u0173 lauks rytas tarp gausyb\u0117s akivar\u0173, e\u017eer\u0117li\u0173, i\u0161vysite Reiski\u0173 e\u017eero ak\u012f, unikali\u0105 augalij\u0105 ir gyv\u016bnij\u0105, pails\u0117ti ir papusry\u010diauti gal\u0117site kiek auk\u0161tesn\u0117se vietose susiformavusiose salose. Norint \u010dia patekti, reikia keliauti su vietiniais \u2013 jie \u017eino keli\u0105 ir pirmyn, ir atgal. Pasakojama, kad b\u016btent \u010dia kelio atgal pokario metais da\u017enai nerasdavo saugumie\u010diai, gird\u0117j\u0119, kad ka\u017ekur \u0161ioje pelk\u0117je slepiasi partizanai&#8230;Tod\u0117l po tundr\u0105 primenant\u012f gamtos kampel\u012f Jus lyd\u0117s patyr\u0119s vadovas, papasakosiantis autenti\u0161k\u0173 vietini\u0173 pasakojim\u0173, susijusi\u0173 su \u0161ia vieta.<\/p>\n\n\n\n<p>Turistams skirto tako ar ap\u017evalgos bok\u0161to Reiski\u0173 tyre n\u0117ra. Tad tur\u0117kite gumin\u0119 avalyn\u0119, \u0161lapyn\u0117se tur\u0117site galimyb\u0119 eiti su negrimztan\u010diais pelki\u0173 batais. <\/p>\n\n\n\n<p>Grup\u0117 renkasi Plung\u0117s r.,  Kuli\u0173 mstl., prie  J. Tumo-Vai\u017eganto g. 6 esan\u010dioje automobili\u0173 aik\u0161tel\u0117je, i\u0161 kur \u012f turo prad\u017eios viet\u0105, lydint grup\u0117s vadovui, vyksite savo automobiliais. <\/p>\n\n\n\n<p><strong>Trukm\u0117 ~3 val. Kaina asmeniui &#8211; 10 eur.<br>Organizuojama tik nedidelei grupei.<br>B\u016btina registracija el. p. kulturosvirene@gmail.com<br>Tel pasiteirauti: +370 611 14410.<\/strong><\/p>\n","protected":false},"excerpt":{"rendered":"<p>Kvie\u010diame \u012f unikal\u0173 patir\u010di\u0173 tur\u0105 \u012f prie Kuli\u0173 miestelio esan\u010di\u0105 Reiski\u0173 tyro pelk\u0119, kuri yra did\u017eiausias \u017demaitijoje pelkinis kompleksas, u\u017eimantis apie 800 ha. Tad J\u016bs\u0173 lauks rytas tarp gausyb\u0117s akivar\u0173,&#8230;<\/p>\n","protected":false},"featured_media":393,"template":"","meta":{"footnotes":""},"renginiai-kategorija":[23,15],"class_list":["post-388","renginiai","type-renginiai","status-publish","has-post-thumbnail","hentry","renginiai-kategorija-ekskursijos","renginiai-kategorija-kiti"],"translation":{"provider":"WPGlobus","version":"3.0.2","language":"en","enabled_languages":["lt","en"],"languages":{"lt":{"title":true,"content":true,"excerpt":false},"en":{"title":false,"content":false,"excerpt":false}}},"_links":{"self":[{"href":"https:\/\/www.kulturosvirene.lt\/en\/wp-json\/wp\/v2\/renginiai\/388","targetHints":{"allow":["GET"]}}],"collection":[{"href":"https:\/\/www.kulturosvirene.lt\/en\/wp-json\/wp\/v2\/renginiai"}],"about":[{"href":"https:\/\/www.kulturosvirene.lt\/en\/wp-json\/wp\/v2\/types\/renginiai"}],"version-history":[{"count":3,"href":"https:\/\/www.kulturosvirene.lt\/en\/wp-json\/wp\/v2\/renginiai\/388\/revisions"}],"predecessor-version":[{"id":391,"href":"https:\/\/www.kulturosvirene.lt\/en\/wp-json\/wp\/v2\/renginiai\/388\/revisions\/391"}],"wp:featuredmedia":[{"embeddable":true,"href":"https:\/\/www.kulturosvirene.lt\/en\/wp-json\/wp\/v2\/media\/393"}],"wp:attachment":[{"href":"https:\/\/www.kulturosvirene.lt\/en\/wp-json\/wp\/v2\/media?parent=388"}],"wp:term":[{"taxonomy":"renginiai-kategorija","embeddable":true,"href":"https:\/\/www.kulturosvirene.lt\/en\/wp-json\/wp\/v2\/renginiai-kategorija?post=388"}],"curies":[{"name":"wp","href":"https:\/\/api.w.org\/{rel}","templated":true}]}}

Patirčių turas į Reiskių tyro pelkę

<p>Kviečiame į unikalų patirčių turą į prie Kulių miestelio esančią Reiskių tyro pelkę, kuri yra didžiausias Žemaitijoje pelkinis kompleksas, užimantis apie 800 ha. Tad Jūsų lauks rytas tarp gausybės akivarų, ežerėlių, išvysite Reiskių ežero akį, unikalią augaliją ir gyvūniją, pailsėti ir papusryčiauti galėsite kiek aukštesnėse vietose susiformavusiose salose. Norint čia patekti, reikia keliauti su vietiniais – jie žino kelią ir pirmyn, ir atgal. Pasakojama, kad būtent čia kelio atgal pokario metais dažnai nerasdavo saugumiečiai, girdėję, kad kažkur šioje pelkėje slepiasi partizanai&#8230;Todėl po tundrą primenantį gamtos kampelį Jus lydės patyręs vadovas, papasakosiantis autentiškų vietinių pasakojimų, susijusių su šia vieta.</p>



<p>Turistams skirto tako ar apžvalgos bokšto Reiskių tyre nėra. Tad turėkite guminę avalynę, šlapynėse turėsite galimybę eiti su negrimztančiais pelkių batais. </p>



<p>Grupė renkasi Plungės r.,  Kulių mstl., prie  J. Tumo-Vaižganto g. 6 esančioje automobilių aikštelėje, iš kur į turo pradžios vietą, lydint grupės vadovui, vyksite savo automobiliais. </p>



<p><strong>Trukmė ~3 val. Kaina asmeniui &#8211; 10 eur.<br>Organizuojama tik nedidelei grupei.<br>Būtina registracija el. p. kulturosvirene@gmail.com<br>Tel pasiteirauti: +370 611 14410.</strong></p>

<p>Kviečiame į unikalų patirčių turą į prie Kulių miestelio esančią Reiskių tyro pelkę, kuri yra didžiausias Žemaitijoje pelkinis kompleksas, užimantis apie 800 ha. Tad Jūsų lauks rytas tarp gausybės akivarų,&#8230;</p>
