{"id":567,"date":"2023-09-06T13:00:44","date_gmt":"2023-09-06T11:00:44","guid":{"rendered":"https:\/\/www.kulturosvirene.lt\/?post_type=renginiai&#038;p=567"},"modified":"2023-09-06T13:05:59","modified_gmt":"2023-09-06T11:05:59","slug":"lietuvos-zydu-genocido-atminimo-dienos-minejimas-kuliuose-jakovo-bunkos-darbu-parodos-atidarymas-kulturos-vireneje","status":"publish","type":"renginiai","link":"https:\/\/www.kulturosvirene.lt\/en\/renginiai\/lietuvos-zydu-genocido-atminimo-dienos-minejimas-kuliuose-jakovo-bunkos-darbu-parodos-atidarymas-kulturos-vireneje\/","title":{"rendered":""},"content":{"rendered":"\n<p>2023 m. rugs\u0117jo 22 d. kvie\u010diame \u012f Lietuvos \u017eyd\u0173 genocido atminimo dienos min\u0117jimo rengin\u012f Kuliuose. <\/p>\n\n\n\n<p>Nuo 13.45 val. &#8220;Kult\u016bros Viren\u0117je&#8221; bus atidaryta vienintelio tautodailininko \u017eydo Lietuvoje &#8211; Jakovo Bunkos  ma\u017eosios skulpt\u016bros darb\u0173 paroda.<\/p>\n\n\n\n<p>Savo k\u016brybos biografij\u0105 Jakovas Bunka prad\u0117jo vos penkeri\u0173 met\u0173 sulauk\u0119s. T\u0117vas, pasteb\u0117j\u0119s s\u016bnaus pom\u0117g\u012f, nuved\u0117 mokytis staliaus amato. <\/p>\n\n\n\n<p>Nuo 1945 met\u0173 vis\u0105 likus\u012f gyvenim\u0105 jis paskyr\u0117 savo \u2013 \u017emogaus ir menininko misijai. Svarbiausia \u0161io tautodailininko asmenin\u0117s b\u016bties u\u017eduotis \u2013 &nbsp;nu\u017eudyt\u0173 tautie\u010di\u0173 atminimo \u012fam\u017einimas Plung\u0117s rajone.<\/p>\n\n\n\n<p>Rengin\u012f organizuoja Kuli\u0173 kult\u016bros centras. <\/p>\n","protected":false},"excerpt":{"rendered":"<p>2023 m. rugs\u0117jo 22 d. kvie\u010diame \u012f Lietuvos \u017eyd\u0173 genocido atminimo dienos min\u0117jimo rengin\u012f Kuliuose. Nuo 13.45 val. &#8220;Kult\u016bros Viren\u0117je&#8221; bus atidaryta vienintelio tautodailininko \u017eydo Lietuvoje &#8211; Jakovo Bunkos ma\u017eosios&#8230;<\/p>\n","protected":false},"featured_media":570,"template":"","meta":{"footnotes":""},"renginiai-kategorija":[15,26],"class_list":["post-567","renginiai","type-renginiai","status-publish","has-post-thumbnail","hentry","renginiai-kategorija-kiti","renginiai-kategorija-parodos"],"translation":{"provider":"WPGlobus","version":"3.0.2","language":"en","enabled_languages":["lt","en"],"languages":{"lt":{"title":false,"content":true,"excerpt":false},"en":{"title":false,"content":false,"excerpt":false}}},"_links":{"self":[{"href":"https:\/\/www.kulturosvirene.lt\/en\/wp-json\/wp\/v2\/renginiai\/567","targetHints":{"allow":["GET"]}}],"collection":[{"href":"https:\/\/www.kulturosvirene.lt\/en\/wp-json\/wp\/v2\/renginiai"}],"about":[{"href":"https:\/\/www.kulturosvirene.lt\/en\/wp-json\/wp\/v2\/types\/renginiai"}],"version-history":[{"count":3,"href":"https:\/\/www.kulturosvirene.lt\/en\/wp-json\/wp\/v2\/renginiai\/567\/revisions"}],"predecessor-version":[{"id":572,"href":"https:\/\/www.kulturosvirene.lt\/en\/wp-json\/wp\/v2\/renginiai\/567\/revisions\/572"}],"wp:featuredmedia":[{"embeddable":true,"href":"https:\/\/www.kulturosvirene.lt\/en\/wp-json\/wp\/v2\/media\/570"}],"wp:attachment":[{"href":"https:\/\/www.kulturosvirene.lt\/en\/wp-json\/wp\/v2\/media?parent=567"}],"wp:term":[{"taxonomy":"renginiai-kategorija","embeddable":true,"href":"https:\/\/www.kulturosvirene.lt\/en\/wp-json\/wp\/v2\/renginiai-kategorija?post=567"}],"curies":[{"name":"wp","href":"https:\/\/api.w.org\/{rel}","templated":true}]}}

<p>2023 m. rugsėjo 22 d. kviečiame į Lietuvos žydų genocido atminimo dienos minėjimo renginį Kuliuose. </p>



<p>Nuo 13.45 val. &#8220;Kultūros Virenėje&#8221; bus atidaryta vienintelio tautodailininko žydo Lietuvoje &#8211; Jakovo Bunkos  mažosios skulptūros darbų paroda.</p>



<p>Savo kūrybos biografiją Jakovas Bunka pradėjo vos penkerių metų sulaukęs. Tėvas, pastebėjęs sūnaus pomėgį, nuvedė mokytis staliaus amato. </p>



<p>Nuo 1945 metų visą likusį gyvenimą jis paskyrė savo – žmogaus ir menininko misijai. Svarbiausia šio tautodailininko asmeninės būties užduotis – &nbsp;nužudytų tautiečių atminimo įamžinimas Plungės rajone.</p>



<p>Renginį organizuoja Kulių kultūros centras. </p>

<p>2023 m. rugsėjo 22 d. kviečiame į Lietuvos žydų genocido atminimo dienos minėjimo renginį Kuliuose. Nuo 13.45 val. &#8220;Kultūros Virenėje&#8221; bus atidaryta vienintelio tautodailininko žydo Lietuvoje &#8211; Jakovo Bunkos mažosios&#8230;</p>
